{"id":2,"date":"2019-01-04T14:31:42","date_gmt":"2019-01-04T13:31:42","guid":{"rendered":"http:\/\/happl.uber.space\/?page_id=2"},"modified":"2025-09-30T21:30:38","modified_gmt":"2025-09-30T19:30:38","slug":"beispiel-seite","status":"publish","type":"page","link":"https:\/\/www.happl.at\/?page_id=2","title":{"rendered":"Unsere Leistungen umfassen:"},"content":{"rendered":"\n<p><strong>Grabgestaltung: <\/strong><\/p>\n\n\n\n<p>Grabsteine, Einfassungen, Grabdeckel, individuell gestaltete Schriften auf Grabsteinen und Schriftplatten, Vergoldungen, Renovierungen<\/p>\n\n\n\n<figure class=\"wp-block-gallery has-nested-images columns-3 is-cropped\">\n<figure class=\"wp-block-image\"><img loading=\"lazy\" width=\"730\" height=\"1024\" data-id=\"110\"  src=\"http:\/\/happl.uber.space\/wp-content\/uploads\/2020\/02\/Grab_7-730x1024.jpg\" alt=\"\" class=\"wp-image-110\" srcset=\"https:\/\/www.happl.at\/wp-content\/uploads\/2020\/02\/Grab_7-730x1024.jpg 730w, https:\/\/www.happl.at\/wp-content\/uploads\/2020\/02\/Grab_7-214x300.jpg 214w, https:\/\/www.happl.at\/wp-content\/uploads\/2020\/02\/Grab_7-768x1078.jpg 768w\" sizes=\"(max-width: 730px) 100vw, 730px\" \/><\/figure>\n\n\n\n<figure class=\"wp-block-image\"><img loading=\"lazy\" width=\"768\" height=\"1024\" data-id=\"74\"  src=\"http:\/\/happl.uber.space\/wp-content\/uploads\/2019\/01\/Grab_4-768x1024.jpg\" alt=\"\" class=\"wp-image-74\" srcset=\"https:\/\/www.happl.at\/wp-content\/uploads\/2019\/01\/Grab_4-768x1024.jpg 768w, https:\/\/www.happl.at\/wp-content\/uploads\/2019\/01\/Grab_4-225x300.jpg 225w\" sizes=\"(max-width: 767px) 89vw, (max-width: 1000px) 54vw, (max-width: 1071px) 543px, 580px\" \/><\/figure>\n\n\n\n<figure class=\"wp-block-image\"><img loading=\"lazy\" width=\"768\" height=\"1024\" data-id=\"73\"  src=\"http:\/\/happl.uber.space\/wp-content\/uploads\/2019\/01\/Grab_3-768x1024.jpg\" alt=\"\" class=\"wp-image-73\" srcset=\"https:\/\/www.happl.at\/wp-content\/uploads\/2019\/01\/Grab_3-768x1024.jpg 768w, https:\/\/www.happl.at\/wp-content\/uploads\/2019\/01\/Grab_3-225x300.jpg 225w\" sizes=\"(max-width: 767px) 89vw, (max-width: 1000px) 54vw, (max-width: 1071px) 543px, 580px\" \/><\/figure>\n\n\n\n<figure class=\"wp-block-image\"><img loading=\"lazy\" width=\"683\" height=\"1024\" data-id=\"71\"  src=\"http:\/\/happl.uber.space\/wp-content\/uploads\/2019\/01\/IMG_7503_1-683x1024.jpg\" alt=\"\" class=\"wp-image-71\" srcset=\"https:\/\/www.happl.at\/wp-content\/uploads\/2019\/01\/IMG_7503_1-683x1024.jpg 683w, https:\/\/www.happl.at\/wp-content\/uploads\/2019\/01\/IMG_7503_1-200x300.jpg 200w, https:\/\/www.happl.at\/wp-content\/uploads\/2019\/01\/IMG_7503_1-768x1152.jpg 768w\" sizes=\"(max-width: 683px) 100vw, 683px\" \/><\/figure>\n\n\n\n<figure class=\"wp-block-image\"><img loading=\"lazy\" width=\"1024\" height=\"683\" data-id=\"70\"  src=\"http:\/\/happl.uber.space\/wp-content\/uploads\/2019\/01\/IMG_7479-1024x683.jpg\" alt=\"\" class=\"wp-image-70\" srcset=\"https:\/\/www.happl.at\/wp-content\/uploads\/2019\/01\/IMG_7479-1024x683.jpg 1024w, https:\/\/www.happl.at\/wp-content\/uploads\/2019\/01\/IMG_7479-300x200.jpg 300w, https:\/\/www.happl.at\/wp-content\/uploads\/2019\/01\/IMG_7479-768x512.jpg 768w\" sizes=\"(max-width: 767px) 89vw, (max-width: 1000px) 54vw, (max-width: 1071px) 543px, 580px\" \/><\/figure>\n\n\n\n<figure class=\"wp-block-image\"><img loading=\"lazy\" width=\"1024\" height=\"717\" data-id=\"119\"  src=\"https:\/\/happl.uber.space\/wp-content\/uploads\/2020\/02\/Grab_8-2-1024x717.jpg\" alt=\"\" class=\"wp-image-119\" srcset=\"https:\/\/www.happl.at\/wp-content\/uploads\/2020\/02\/Grab_8-2-1024x717.jpg 1024w, https:\/\/www.happl.at\/wp-content\/uploads\/2020\/02\/Grab_8-2-300x210.jpg 300w, https:\/\/www.happl.at\/wp-content\/uploads\/2020\/02\/Grab_8-2-768x538.jpg 768w\" sizes=\"(max-width: 767px) 89vw, (max-width: 1000px) 54vw, (max-width: 1071px) 543px, 580px\" \/><\/figure>\n\n\n\n<figure class=\"wp-block-image size-large\"><img loading=\"lazy\" width=\"1732\" height=\"2560\" data-id=\"183\"  src=\"http:\/\/www.happl.at\/wp-content\/uploads\/2025\/09\/Urnengrab2-scaled.jpg\" alt=\"\" class=\"wp-image-183\" srcset=\"https:\/\/www.happl.at\/wp-content\/uploads\/2025\/09\/Urnengrab2-scaled.jpg 1732w, https:\/\/www.happl.at\/wp-content\/uploads\/2025\/09\/Urnengrab2-203x300.jpg 203w, https:\/\/www.happl.at\/wp-content\/uploads\/2025\/09\/Urnengrab2-693x1024.jpg 693w, https:\/\/www.happl.at\/wp-content\/uploads\/2025\/09\/Urnengrab2-768x1135.jpg 768w, https:\/\/www.happl.at\/wp-content\/uploads\/2025\/09\/Urnengrab2-1039x1536.jpg 1039w, https:\/\/www.happl.at\/wp-content\/uploads\/2025\/09\/Urnengrab2-1386x2048.jpg 1386w\" sizes=\"(max-width: 767px) 89vw, (max-width: 1000px) 54vw, (max-width: 1071px) 543px, 580px\" \/><\/figure>\n\n\n\n<figure class=\"wp-block-image size-large\"><img loading=\"lazy\" width=\"2326\" height=\"2241\" data-id=\"182\"  src=\"http:\/\/www.happl.at\/wp-content\/uploads\/2025\/09\/Urnengrab1-1.jpg\" alt=\"\" class=\"wp-image-182\" srcset=\"https:\/\/www.happl.at\/wp-content\/uploads\/2025\/09\/Urnengrab1-1.jpg 2326w, https:\/\/www.happl.at\/wp-content\/uploads\/2025\/09\/Urnengrab1-1-300x289.jpg 300w, https:\/\/www.happl.at\/wp-content\/uploads\/2025\/09\/Urnengrab1-1-1024x987.jpg 1024w, https:\/\/www.happl.at\/wp-content\/uploads\/2025\/09\/Urnengrab1-1-768x740.jpg 768w, https:\/\/www.happl.at\/wp-content\/uploads\/2025\/09\/Urnengrab1-1-1536x1480.jpg 1536w, https:\/\/www.happl.at\/wp-content\/uploads\/2025\/09\/Urnengrab1-1-2048x1973.jpg 2048w\" sizes=\"(max-width: 767px) 89vw, (max-width: 1000px) 54vw, (max-width: 1071px) 543px, 580px\" \/><\/figure>\n\n\n\n<figure class=\"wp-block-image size-large\"><img loading=\"lazy\" width=\"1920\" height=\"2560\" data-id=\"181\"  src=\"http:\/\/www.happl.at\/wp-content\/uploads\/2025\/09\/Grabanlage4-scaled.jpg\" alt=\"\" class=\"wp-image-181\" srcset=\"https:\/\/www.happl.at\/wp-content\/uploads\/2025\/09\/Grabanlage4-scaled.jpg 1920w, https:\/\/www.happl.at\/wp-content\/uploads\/2025\/09\/Grabanlage4-225x300.jpg 225w, https:\/\/www.happl.at\/wp-content\/uploads\/2025\/09\/Grabanlage4-768x1024.jpg 768w, https:\/\/www.happl.at\/wp-content\/uploads\/2025\/09\/Grabanlage4-1152x1536.jpg 1152w, https:\/\/www.happl.at\/wp-content\/uploads\/2025\/09\/Grabanlage4-1536x2048.jpg 1536w\" sizes=\"(max-width: 767px) 89vw, (max-width: 1000px) 54vw, (max-width: 1071px) 543px, 580px\" \/><\/figure>\n\n\n\n<figure class=\"wp-block-image size-large\"><img loading=\"lazy\" width=\"1440\" height=\"2560\" data-id=\"180\"  src=\"http:\/\/www.happl.at\/wp-content\/uploads\/2025\/09\/Grabanlage3-1-scaled.jpg\" alt=\"\" class=\"wp-image-180\" srcset=\"https:\/\/www.happl.at\/wp-content\/uploads\/2025\/09\/Grabanlage3-1-scaled.jpg 1440w, https:\/\/www.happl.at\/wp-content\/uploads\/2025\/09\/Grabanlage3-1-169x300.jpg 169w, https:\/\/www.happl.at\/wp-content\/uploads\/2025\/09\/Grabanlage3-1-576x1024.jpg 576w, https:\/\/www.happl.at\/wp-content\/uploads\/2025\/09\/Grabanlage3-1-768x1365.jpg 768w, https:\/\/www.happl.at\/wp-content\/uploads\/2025\/09\/Grabanlage3-1-864x1536.jpg 864w, https:\/\/www.happl.at\/wp-content\/uploads\/2025\/09\/Grabanlage3-1-1152x2048.jpg 1152w\" sizes=\"(max-width: 767px) 89vw, (max-width: 1000px) 54vw, (max-width: 1071px) 543px, 580px\" \/><\/figure>\n\n\n\n<figure class=\"wp-block-image size-large\"><img loading=\"lazy\" width=\"2560\" height=\"1865\" data-id=\"179\"  src=\"http:\/\/www.happl.at\/wp-content\/uploads\/2025\/09\/Grabanlage1-scaled.jpg\" alt=\"\" class=\"wp-image-179\" srcset=\"https:\/\/www.happl.at\/wp-content\/uploads\/2025\/09\/Grabanlage1-scaled.jpg 2560w, https:\/\/www.happl.at\/wp-content\/uploads\/2025\/09\/Grabanlage1-300x219.jpg 300w, https:\/\/www.happl.at\/wp-content\/uploads\/2025\/09\/Grabanlage1-1024x746.jpg 1024w, https:\/\/www.happl.at\/wp-content\/uploads\/2025\/09\/Grabanlage1-768x559.jpg 768w, https:\/\/www.happl.at\/wp-content\/uploads\/2025\/09\/Grabanlage1-1536x1119.jpg 1536w, https:\/\/www.happl.at\/wp-content\/uploads\/2025\/09\/Grabanlage1-2048x1492.jpg 2048w\" sizes=\"(max-width: 767px) 89vw, (max-width: 1000px) 54vw, (max-width: 1071px) 543px, 580px\" \/><\/figure>\n\n\n\n<figure class=\"wp-block-image size-large\"><img loading=\"lazy\" width=\"1373\" height=\"2560\" data-id=\"184\"  src=\"http:\/\/www.happl.at\/wp-content\/uploads\/2025\/09\/Grabanlage-2-scaled.jpg\" alt=\"\" class=\"wp-image-184\" srcset=\"https:\/\/www.happl.at\/wp-content\/uploads\/2025\/09\/Grabanlage-2-scaled.jpg 1373w, https:\/\/www.happl.at\/wp-content\/uploads\/2025\/09\/Grabanlage-2-161x300.jpg 161w, https:\/\/www.happl.at\/wp-content\/uploads\/2025\/09\/Grabanlage-2-549x1024.jpg 549w, https:\/\/www.happl.at\/wp-content\/uploads\/2025\/09\/Grabanlage-2-768x1432.jpg 768w, https:\/\/www.happl.at\/wp-content\/uploads\/2025\/09\/Grabanlage-2-824x1536.jpg 824w, https:\/\/www.happl.at\/wp-content\/uploads\/2025\/09\/Grabanlage-2-1098x2048.jpg 1098w\" sizes=\"(max-width: 767px) 89vw, (max-width: 1000px) 54vw, (max-width: 1071px) 543px, 580px\" \/><\/figure>\n<\/figure>\n\n\n\n<p><strong>Wohnbereich:<\/strong><\/p>\n\n\n\n<p> K\u00fcchenarbeitsplatten, Waschtischplatten, Stufen, B\u00f6den<br><\/p>\n\n\n\n<figure class=\"wp-block-image\"><img alt=\"\"\/><\/figure>\n\n\n\n<figure class=\"wp-block-gallery has-nested-images columns-default is-cropped\">\n<figure class=\"wp-block-image size-large\"><img loading=\"lazy\" width=\"1024\" height=\"576\" data-id=\"177\"  src=\"https:\/\/www.happl.at\/wp-content\/uploads\/2025\/09\/20250818_195728-1024x576.jpg\" alt=\"\" class=\"wp-image-177\" srcset=\"https:\/\/www.happl.at\/wp-content\/uploads\/2025\/09\/20250818_195728-1024x576.jpg 1024w, https:\/\/www.happl.at\/wp-content\/uploads\/2025\/09\/20250818_195728-300x169.jpg 300w, https:\/\/www.happl.at\/wp-content\/uploads\/2025\/09\/20250818_195728-768x432.jpg 768w, https:\/\/www.happl.at\/wp-content\/uploads\/2025\/09\/20250818_195728-1536x864.jpg 1536w, https:\/\/www.happl.at\/wp-content\/uploads\/2025\/09\/20250818_195728-2048x1152.jpg 2048w\" sizes=\"(max-width: 767px) 89vw, (max-width: 1000px) 54vw, (max-width: 1071px) 543px, 580px\" \/><\/figure>\n\n\n\n<figure class=\"wp-block-image size-large\"><img loading=\"lazy\" width=\"1024\" height=\"576\" data-id=\"176\"  src=\"https:\/\/www.happl.at\/wp-content\/uploads\/2025\/09\/20250818_195411-1024x576.jpg\" alt=\"\" class=\"wp-image-176\" srcset=\"https:\/\/www.happl.at\/wp-content\/uploads\/2025\/09\/20250818_195411-1024x576.jpg 1024w, https:\/\/www.happl.at\/wp-content\/uploads\/2025\/09\/20250818_195411-300x169.jpg 300w, https:\/\/www.happl.at\/wp-content\/uploads\/2025\/09\/20250818_195411-768x432.jpg 768w, https:\/\/www.happl.at\/wp-content\/uploads\/2025\/09\/20250818_195411-1536x864.jpg 1536w, https:\/\/www.happl.at\/wp-content\/uploads\/2025\/09\/20250818_195411-2048x1152.jpg 2048w\" sizes=\"(max-width: 767px) 89vw, (max-width: 1000px) 54vw, (max-width: 1071px) 543px, 580px\" \/><\/figure>\n<\/figure>\n\n\n\n<figure class=\"wp-block-gallery has-nested-images columns-default is-cropped\">\n<figure class=\"wp-block-image\"><img loading=\"lazy\" width=\"1024\" height=\"768\" data-id=\"67\"  src=\"http:\/\/happl.uber.space\/wp-content\/uploads\/2019\/01\/IMG_4613-1024x768.jpg\" alt=\"\" class=\"wp-image-67\" srcset=\"https:\/\/www.happl.at\/wp-content\/uploads\/2019\/01\/IMG_4613-1024x768.jpg 1024w, https:\/\/www.happl.at\/wp-content\/uploads\/2019\/01\/IMG_4613-300x225.jpg 300w, https:\/\/www.happl.at\/wp-content\/uploads\/2019\/01\/IMG_4613-768x576.jpg 768w\" sizes=\"(max-width: 767px) 89vw, (max-width: 1000px) 54vw, (max-width: 1071px) 543px, 580px\" \/><\/figure>\n\n\n\n<figure class=\"wp-block-image\"><img loading=\"lazy\" width=\"1024\" height=\"768\" data-id=\"46\"  src=\"http:\/\/happl.uber.space\/wp-content\/uploads\/2019\/01\/K\u00fcche4_f\u00fcr-homepage-1024x768.jpg\" alt=\"\" class=\"wp-image-46\" srcset=\"https:\/\/www.happl.at\/wp-content\/uploads\/2019\/01\/K\u00fcche4_f\u00fcr-homepage-1024x768.jpg 1024w, https:\/\/www.happl.at\/wp-content\/uploads\/2019\/01\/K\u00fcche4_f\u00fcr-homepage-300x225.jpg 300w, https:\/\/www.happl.at\/wp-content\/uploads\/2019\/01\/K\u00fcche4_f\u00fcr-homepage-768x576.jpg 768w\" sizes=\"(max-width: 767px) 89vw, (max-width: 1000px) 54vw, (max-width: 1071px) 543px, 580px\" \/><\/figure>\n\n\n\n<figure class=\"wp-block-image\"><img loading=\"lazy\" width=\"1024\" height=\"768\" data-id=\"35\"  src=\"http:\/\/happl.uber.space\/wp-content\/uploads\/2019\/01\/K\u00fcche3_f\u00fcr-homepage-1024x768.jpg\" alt=\"\" class=\"wp-image-35\" srcset=\"https:\/\/www.happl.at\/wp-content\/uploads\/2019\/01\/K\u00fcche3_f\u00fcr-homepage-1024x768.jpg 1024w, https:\/\/www.happl.at\/wp-content\/uploads\/2019\/01\/K\u00fcche3_f\u00fcr-homepage-300x225.jpg 300w, https:\/\/www.happl.at\/wp-content\/uploads\/2019\/01\/K\u00fcche3_f\u00fcr-homepage-768x576.jpg 768w\" sizes=\"(max-width: 767px) 89vw, (max-width: 1000px) 54vw, (max-width: 1071px) 543px, 580px\" \/><\/figure>\n\n\n\n<figure class=\"wp-block-image\"><img loading=\"lazy\" width=\"1024\" height=\"680\" data-id=\"50\"  src=\"http:\/\/happl.uber.space\/wp-content\/uploads\/2019\/01\/118_1816-1024x680.jpg\" alt=\"\" class=\"wp-image-50\" srcset=\"https:\/\/www.happl.at\/wp-content\/uploads\/2019\/01\/118_1816-1024x680.jpg 1024w, https:\/\/www.happl.at\/wp-content\/uploads\/2019\/01\/118_1816-300x199.jpg 300w, https:\/\/www.happl.at\/wp-content\/uploads\/2019\/01\/118_1816-768x510.jpg 768w, https:\/\/www.happl.at\/wp-content\/uploads\/2019\/01\/118_1816.jpg 2048w\" sizes=\"(max-width: 767px) 89vw, (max-width: 1000px) 54vw, (max-width: 1071px) 543px, 580px\" \/><\/figure>\n\n\n\n<figure class=\"wp-block-image\"><img loading=\"lazy\" width=\"1024\" height=\"768\" data-id=\"65\"  src=\"http:\/\/happl.uber.space\/wp-content\/uploads\/2019\/01\/IMG_4610-1024x768.jpg\" alt=\"\" class=\"wp-image-65\" srcset=\"https:\/\/www.happl.at\/wp-content\/uploads\/2019\/01\/IMG_4610-1024x768.jpg 1024w, https:\/\/www.happl.at\/wp-content\/uploads\/2019\/01\/IMG_4610-300x225.jpg 300w, https:\/\/www.happl.at\/wp-content\/uploads\/2019\/01\/IMG_4610-768x576.jpg 768w\" sizes=\"(max-width: 767px) 89vw, (max-width: 1000px) 54vw, (max-width: 1071px) 543px, 580px\" \/><\/figure>\n\n\n\n<figure class=\"wp-block-image\"><img loading=\"lazy\" width=\"1024\" height=\"680\" data-id=\"62\"  src=\"http:\/\/happl.uber.space\/wp-content\/uploads\/2019\/01\/IMG_1977-1024x680.jpg\" alt=\"\" class=\"wp-image-62\" srcset=\"https:\/\/www.happl.at\/wp-content\/uploads\/2019\/01\/IMG_1977-1024x680.jpg 1024w, https:\/\/www.happl.at\/wp-content\/uploads\/2019\/01\/IMG_1977-300x199.jpg 300w, https:\/\/www.happl.at\/wp-content\/uploads\/2019\/01\/IMG_1977-768x510.jpg 768w, https:\/\/www.happl.at\/wp-content\/uploads\/2019\/01\/IMG_1977.jpg 2048w\" sizes=\"(max-width: 767px) 89vw, (max-width: 1000px) 54vw, (max-width: 1071px) 543px, 580px\" \/><\/figure>\n<\/figure>\n\n\n\n<p><strong>Au\u00dfenbereich:<\/strong><\/p>\n\n\n\n<p>Treppen, Terassen, Gehwege, Sichtschutzelemente und vieles mehr<\/p>\n\n\n\n<figure class=\"wp-block-gallery has-nested-images columns-default is-cropped\">\n<figure class=\"wp-block-image\"><img loading=\"lazy\" width=\"1024\" height=\"817\" data-id=\"108\"  src=\"http:\/\/happl.uber.space\/wp-content\/uploads\/2020\/02\/Sichtschutz-1024x817.jpg\" alt=\"\" class=\"wp-image-108\" srcset=\"https:\/\/www.happl.at\/wp-content\/uploads\/2020\/02\/Sichtschutz-1024x817.jpg 1024w, https:\/\/www.happl.at\/wp-content\/uploads\/2020\/02\/Sichtschutz-300x239.jpg 300w, https:\/\/www.happl.at\/wp-content\/uploads\/2020\/02\/Sichtschutz-768x613.jpg 768w\" sizes=\"(max-width: 767px) 89vw, (max-width: 1000px) 54vw, (max-width: 1071px) 543px, 580px\" \/><\/figure>\n\n\n\n<figure class=\"wp-block-image\"><img loading=\"lazy\" width=\"510\" height=\"768\" data-id=\"76\"  src=\"http:\/\/happl.uber.space\/wp-content\/uploads\/2019\/01\/Stufen-Eingang.jpg\" alt=\"\" class=\"wp-image-76\" srcset=\"https:\/\/www.happl.at\/wp-content\/uploads\/2019\/01\/Stufen-Eingang.jpg 510w, https:\/\/www.happl.at\/wp-content\/uploads\/2019\/01\/Stufen-Eingang-199x300.jpg 199w\" sizes=\"(max-width: 510px) 100vw, 510px\" \/><\/figure>\n\n\n\n<figure class=\"wp-block-image\"><img loading=\"lazy\" width=\"1024\" height=\"768\" data-id=\"68\"  src=\"http:\/\/happl.uber.space\/wp-content\/uploads\/2019\/01\/IMG_0287-1024x768.jpg\" alt=\"\" class=\"wp-image-68\" srcset=\"https:\/\/www.happl.at\/wp-content\/uploads\/2019\/01\/IMG_0287-1024x768.jpg 1024w, https:\/\/www.happl.at\/wp-content\/uploads\/2019\/01\/IMG_0287-300x225.jpg 300w, https:\/\/www.happl.at\/wp-content\/uploads\/2019\/01\/IMG_0287-768x576.jpg 768w\" sizes=\"(max-width: 767px) 89vw, (max-width: 1000px) 54vw, (max-width: 1071px) 543px, 580px\" \/><\/figure>\n<\/figure>\n\n\n\n<p><br><\/p>\n","protected":false},"excerpt":{"rendered":"<p>Grabgestaltung: Grabsteine, Einfassungen, Grabdeckel, individuell gestaltete Schriften auf Grabsteinen und Schriftplatten, Vergoldungen, Renovierungen Wohnbereich: K\u00fcchenarbeitsplatten, Waschtischplatten, Stufen, B\u00f6den Au\u00dfenbereich: Treppen, Terassen, Gehwege, Sichtschutzelemente und vieles mehr<\/p>\n","protected":false},"author":1,"featured_media":66,"parent":8,"menu_order":2,"comment_status":"closed","ping_status":"open","template":"","meta":[],"_links":{"self":[{"href":"https:\/\/www.happl.at\/index.php?rest_route=\/wp\/v2\/pages\/2"}],"collection":[{"href":"https:\/\/www.happl.at\/index.php?rest_route=\/wp\/v2\/pages"}],"about":[{"href":"https:\/\/www.happl.at\/index.php?rest_route=\/wp\/v2\/types\/page"}],"author":[{"embeddable":true,"href":"https:\/\/www.happl.at\/index.php?rest_route=\/wp\/v2\/users\/1"}],"replies":[{"embeddable":true,"href":"https:\/\/www.happl.at\/index.php?rest_route=%2Fwp%2Fv2%2Fcomments&post=2"}],"version-history":[{"count":10,"href":"https:\/\/www.happl.at\/index.php?rest_route=\/wp\/v2\/pages\/2\/revisions"}],"predecessor-version":[{"id":185,"href":"https:\/\/www.happl.at\/index.php?rest_route=\/wp\/v2\/pages\/2\/revisions\/185"}],"up":[{"embeddable":true,"href":"https:\/\/www.happl.at\/index.php?rest_route=\/wp\/v2\/pages\/8"}],"wp:featuredmedia":[{"embeddable":true,"href":"https:\/\/www.happl.at\/index.php?rest_route=\/wp\/v2\/media\/66"}],"wp:attachment":[{"href":"https:\/\/www.happl.at\/index.php?rest_route=%2Fwp%2Fv2%2Fmedia&parent=2"}],"curies":[{"name":"wp","href":"https:\/\/api.w.org\/{rel}","templated":true}]}}